{"id":330,"date":"2024-12-17T21:06:30","date_gmt":"2024-12-17T20:06:30","guid":{"rendered":"https:\/\/electropiedra.com\/gestion-de-viviendas\/"},"modified":"2025-01-03T14:58:24","modified_gmt":"2025-01-03T13:58:24","slug":"litoralalmeria","status":"publish","type":"page","link":"https:\/\/electropiedra.com\/?page_id=330","title":{"rendered":"Inmobiliaria Litoral Almer\u00eda"},"content":{"rendered":"\n<figure class=\"wp-block-image aligncenter size-full is-resized\"><a href=\"https:\/\/www.idealista.com\/pro\/inmobiliarialitoralalmeria\/venta-viviendas\/\" target=\"_blank\" rel=\" noreferrer noopener\"><img loading=\"lazy\" decoding=\"async\" width=\"787\" height=\"744\" src=\"https:\/\/electropiedra.com\/wp-content\/uploads\/2024\/12\/Captura-de-pantalla-2024-12-17-162001.png\" alt=\"\" class=\"wp-image-1315\" style=\"width:280px\" srcset=\"https:\/\/electropiedra.com\/wp-content\/uploads\/2024\/12\/Captura-de-pantalla-2024-12-17-162001.png 787w, https:\/\/electropiedra.com\/wp-content\/uploads\/2024\/12\/Captura-de-pantalla-2024-12-17-162001-300x284.png 300w, https:\/\/electropiedra.com\/wp-content\/uploads\/2024\/12\/Captura-de-pantalla-2024-12-17-162001-768x726.png 768w\" sizes=\"auto, (max-width: 787px) 100vw, 787px\" \/><\/a><\/figure>\n\n\n\n<p class=\"has-text-align-center\"><a href=\"https:\/\/wa.me\/+34622341119\" target=\"_blank\" rel=\"noopener\" title=\"\">Disponemos de servicio dedicado a la<br>gesti\u00f3n de viviendas de alquiler. Ofrecemos un servicio completo:<\/a><\/p>\n\n\n\n<p class=\"has-text-align-center\">-B\u00fasqueda de inquilinos<\/p>\n\n\n\n<p class=\"has-text-align-center\">-Reparaci\u00f3n de da\u00f1os<\/p>\n\n\n\n<p class=\"has-text-align-center\">-Sistema anti-ocupas.<\/p>\n\n\n\n<p class=\"has-text-align-center\"><a href=\"https:\/\/www.idealista.com\/pro\/inmobiliarialitoralalmeria\/venta-viviendas\/\" target=\"_blank\" rel=\"noreferrer noopener\"><strong>VER VIVIENDAS A LA VENTA<\/strong><\/a><\/p>\n\n\n\n<figure class=\"wp-block-image aligncenter size-full is-resized\"><a href=\"https:\/\/www.idealista.com\/pro\/inmobiliarialitoralalmeria\/alquiler-viviendas\/\" target=\"_blank\" rel=\" noreferrer noopener\"><img loading=\"lazy\" decoding=\"async\" width=\"787\" height=\"744\" src=\"https:\/\/electropiedra.com\/wp-content\/uploads\/2024\/12\/Captura-de-pantalla-2024-12-17-162001.png\" alt=\"\" class=\"wp-image-1315\" style=\"width:280px\" srcset=\"https:\/\/electropiedra.com\/wp-content\/uploads\/2024\/12\/Captura-de-pantalla-2024-12-17-162001.png 787w, https:\/\/electropiedra.com\/wp-content\/uploads\/2024\/12\/Captura-de-pantalla-2024-12-17-162001-300x284.png 300w, https:\/\/electropiedra.com\/wp-content\/uploads\/2024\/12\/Captura-de-pantalla-2024-12-17-162001-768x726.png 768w\" sizes=\"auto, (max-width: 787px) 100vw, 787px\" \/><\/a><\/figure>\n\n\n\n<p class=\"has-text-align-center has-medium-font-size\"><strong><a href=\"https:\/\/www.idealista.com\/pro\/inmobiliarialitoralalmeria\/alquiler-viviendas\/\" target=\"_blank\" rel=\"noopener\" title=\"\">SI POR EL CONTRARIO BUSCA UN<br>ALQUILER VACACIONAL O PARA<br>TODO EL A\u00d1O,  DISPONEMOS DE APARTAMENTOS QUE SE AJUSTAN A SU NECESIDAD.<\/a><\/strong><\/p>\n\n\n\n<p class=\"has-text-align-center has-medium-font-size\"><a href=\"https:\/\/wa.me\/+34622341119\" target=\"_blank\" rel=\"noopener\" title=\"\">P\u00cdDANOS UNA CONSULTOR\u00cdA GRATUITA PARA<\/a><br>PODER EVALUAR SU PROPIEDAD Y<br>OFRECERLE EL MEJOR SERVICIO<\/p>\n\n\n\n<div class=\"wp-block-columns are-vertically-aligned-top is-layout-flex wp-container-core-columns-is-layout-28f84493 wp-block-columns-is-layout-flex\">\n<div class=\"wp-block-column is-vertically-aligned-top is-layout-flow wp-block-column-is-layout-flow\" style=\"flex-basis:100%\"><div class=\"wpforms-container wpforms-container-full wpforms-block wpforms-block-147ab540-ce4d-457d-b704-fc953b3a4a89 wpforms-render-modern\" id=\"wpforms-340\"><form id=\"wpforms-form-340\" class=\"wpforms-validate wpforms-form wpforms-ajax-form\" data-formid=\"340\" method=\"post\" enctype=\"multipart\/form-data\" action=\"\/index.php?rest_route=%2Fwp%2Fv2%2Fpages%2F330\" data-token=\"92a6dd2dce78791d592ce18dfab7990e\" data-token-time=\"1777604227\"><noscript class=\"wpforms-error-noscript\">Por favor, activa JavaScript en tu navegador para completar este formulario.<\/noscript><div id=\"wpforms-error-noscript\" style=\"display: none;\">Por favor, activa JavaScript en tu navegador para completar este formulario.<\/div><div class=\"wpforms-field-container\"><div id=\"wpforms-340-field_1-container\" class=\"wpforms-field wpforms-field-name\" data-field-id=\"1\"><label class=\"wpforms-field-label\" for=\"wpforms-340-field_1\">Nombre <span class=\"wpforms-required-label\" aria-hidden=\"true\">*<\/span><\/label><input type=\"text\" id=\"wpforms-340-field_1\" class=\"wpforms-field-medium wpforms-field-required\" name=\"wpforms[fields][1]\" aria-errormessage=\"wpforms-340-field_1-error\" required><\/div><div id=\"wpforms-340-field_2-container\" class=\"wpforms-field wpforms-field-email\" data-field-id=\"2\"><label class=\"wpforms-field-label\" for=\"wpforms-340-field_2\">Correo electr\u00f3nico <span class=\"wpforms-required-label\" aria-hidden=\"true\">*<\/span><\/label><input type=\"email\" id=\"wpforms-340-field_2\" class=\"wpforms-field-medium wpforms-field-required\" name=\"wpforms[fields][2]\" spellcheck=\"false\" aria-errormessage=\"wpforms-340-field_2-error\" required><\/div><div id=\"wpforms-340-field_5-container\" class=\"wpforms-field wpforms-field-select wpforms-field-select-style-classic\" data-field-id=\"5\"><label class=\"wpforms-field-label\" for=\"wpforms-340-field_5\">Seleccione que desea <span class=\"wpforms-required-label\" aria-hidden=\"true\">*<\/span><\/label><select id=\"wpforms-340-field_5\" class=\"wpforms-field-medium wpforms-field-required\" name=\"wpforms[fields][5]\" required=\"required\"><option value=\"Alquiler Vacacional\"  class=\"choice-1 depth-1\"  >Alquiler Vacacional<\/option><option value=\"Alquiler Todo el A\u00f1o\"  class=\"choice-2 depth-1\"  >Alquiler Todo el A\u00f1o<\/option><option value=\"Compra o Venta de inmueble\"  class=\"choice-3 depth-1\"  >Compra o Venta de inmueble<\/option><\/select><\/div>\t\t<div id=\"wpforms-340-field_3-container\"\n\t\t\tclass=\"wpforms-field wpforms-field-text\"\n\t\t\tdata-field-type=\"text\"\n\t\t\tdata-field-id=\"3\"\n\t\t\t>\n\t\t\t<label class=\"wpforms-field-label\" for=\"wpforms-340-field_3\" >usted. Correo podemos<\/label>\n\t\t\t<input type=\"text\" id=\"wpforms-340-field_3\" class=\"wpforms-field-medium\" name=\"wpforms[fields][3]\" >\n\t\t<\/div>\n\t\t<div id=\"wpforms-340-field_6-container\" class=\"wpforms-field wpforms-field-textarea\" data-field-id=\"6\"><label class=\"wpforms-field-label\" for=\"wpforms-340-field_6\">Donde? <span class=\"wpforms-required-label\" aria-hidden=\"true\">*<\/span><\/label><textarea id=\"wpforms-340-field_6\" class=\"wpforms-field-medium wpforms-field-required\" name=\"wpforms[fields][6]\" aria-errormessage=\"wpforms-340-field_6-error\" required><\/textarea><\/div><div id=\"wpforms-340-field_7-container\" class=\"wpforms-field wpforms-field-textarea\" data-field-id=\"7\"><label class=\"wpforms-field-label\" for=\"wpforms-340-field_7\">Dig\u00e1nos en que horario podemos contactar con usted. <span class=\"wpforms-required-label\" aria-hidden=\"true\">*<\/span><\/label><textarea id=\"wpforms-340-field_7\" class=\"wpforms-field-medium wpforms-field-required\" name=\"wpforms[fields][7]\" aria-errormessage=\"wpforms-340-field_7-error\" aria-describedby=\"wpforms-340-field_7-description\" required><\/textarea><div id=\"wpforms-340-field_7-description\" class=\"wpforms-field-description\">Indique Llamada, v\u00eda WhatsApp o email y en su caso a que n\u00famero.<\/div><\/div><script>\n\t\t\t\t( function() {\n\t\t\t\t\tconst style = document.createElement( 'style' );\n\t\t\t\t\tstyle.appendChild( document.createTextNode( '#wpforms-340-field_3-container { position: absolute !important; overflow: hidden !important; display: inline !important; height: 1px !important; width: 1px !important; z-index: -1000 !important; padding: 0 !important; } #wpforms-340-field_3-container input { visibility: hidden; } #wpforms-conversational-form-page #wpforms-340-field_3-container label { counter-increment: none; }' ) );\n\t\t\t\t\tdocument.head.appendChild( style );\n\t\t\t\t\tdocument.currentScript?.remove();\n\t\t\t\t} )();\n\t\t\t<\/script><\/div><!-- .wpforms-field-container --><div class=\"wpforms-submit-container\" ><input type=\"hidden\" name=\"wpforms[id]\" value=\"340\"><input type=\"hidden\" name=\"page_title\" value=\"\"><input type=\"hidden\" name=\"page_url\" value=\"https:\/\/electropiedra.com\/index.php?rest_route=\/wp\/v2\/pages\/330\"><input type=\"hidden\" name=\"url_referer\" value=\"\"><button type=\"submit\" name=\"wpforms[submit]\" id=\"wpforms-submit-340\" class=\"wpforms-submit\" data-alt-text=\"Enviando...\" data-submit-text=\"Enviar\" aria-live=\"assertive\" value=\"wpforms-submit\">Enviar<\/button><img loading=\"lazy\" decoding=\"async\" src=\"https:\/\/electropiedra.com\/wp-content\/plugins\/wpforms-lite\/assets\/images\/submit-spin.svg\" class=\"wpforms-submit-spinner\" style=\"display: none;\" width=\"26\" height=\"26\" alt=\"Cargando\"><\/div><\/form><\/div>  <!-- .wpforms-container --><\/div>\n<\/div>\n\n\n\n<p class=\"has-text-align-center\">Si desea mas informaci\u00f3n pulsa aqu\u00ed <\/p>\n\n\n\n<div class=\"wp-block-buttons alignwide is-content-justification-center is-layout-flex wp-container-core-buttons-is-layout-a89b3969 wp-block-buttons-is-layout-flex\">\n<div class=\"wp-block-button\"><a class=\"wp-block-button__link wp-element-button\" href=\"https:\/\/wa.me\/+34622341119\" target=\"_blank\" rel=\"noreferrer noopener\">MAS INFO<\/a><\/div>\n<\/div>\n\n\n\n<div class=\"wp-block-buttons is-content-justification-center is-layout-flex wp-container-core-buttons-is-layout-a89b3969 wp-block-buttons-is-layout-flex\">\n<div class=\"wp-block-button\"><a class=\"wp-block-button__link has-text-align-center wp-element-button\" href=\"https:\/\/www.idealista.com\/pro\/inmobiliarialitoralalmeria\/venta-viviendas\/\" target=\"_blank\" rel=\"noreferrer noopener\">VER VIVIENDAS A LA VENTA<\/a><\/div>\n\n\n\n<div class=\"wp-block-button\"><a class=\"wp-block-button__link has-text-align-center wp-element-button\" href=\"https:\/\/www.idealista.com\/pro\/inmobiliarialitoralalmeria\/alquiler-viviendas\/\" target=\"_blank\" rel=\"noreferrer noopener\">VER VIVIENDAS EN  ALQUILER<\/a><\/div>\n<\/div>\n\n\n\n<p><\/p>\n","protected":false},"excerpt":{"rendered":"<p>Disponemos de servicio dedicado a lagesti\u00f3n de viviendas de alquiler. Ofrecemos un servicio completo: -B\u00fasqueda de inquilinos -Reparaci\u00f3n de da\u00f1os -Sistema anti-ocupas. VER VIVIENDAS A LA VENTA SI POR EL CONTRARIO BUSCA UNALQUILER VACACIONAL O PARATODO EL A\u00d1O, DISPONEMOS DE APARTAMENTOS QUE SE AJUSTAN A SU NECESIDAD. P\u00cdDANOS UNA CONSULTOR\u00cdA GRATUITA PARAPODER EVALUAR SU PROPIEDAD [&hellip;]<\/p>\n","protected":false},"author":1,"featured_media":0,"parent":0,"menu_order":0,"comment_status":"closed","ping_status":"closed","template":"","meta":{"footnotes":""},"class_list":["post-330","page","type-page","status-publish","hentry"],"aioseo_notices":[],"_links":{"self":[{"href":"https:\/\/electropiedra.com\/index.php?rest_route=\/wp\/v2\/pages\/330","targetHints":{"allow":["GET"]}}],"collection":[{"href":"https:\/\/electropiedra.com\/index.php?rest_route=\/wp\/v2\/pages"}],"about":[{"href":"https:\/\/electropiedra.com\/index.php?rest_route=\/wp\/v2\/types\/page"}],"author":[{"embeddable":true,"href":"https:\/\/electropiedra.com\/index.php?rest_route=\/wp\/v2\/users\/1"}],"replies":[{"embeddable":true,"href":"https:\/\/electropiedra.com\/index.php?rest_route=%2Fwp%2Fv2%2Fcomments&post=330"}],"version-history":[{"count":21,"href":"https:\/\/electropiedra.com\/index.php?rest_route=\/wp\/v2\/pages\/330\/revisions"}],"predecessor-version":[{"id":1426,"href":"https:\/\/electropiedra.com\/index.php?rest_route=\/wp\/v2\/pages\/330\/revisions\/1426"}],"wp:attachment":[{"href":"https:\/\/electropiedra.com\/index.php?rest_route=%2Fwp%2Fv2%2Fmedia&parent=330"}],"curies":[{"name":"wp","href":"https:\/\/api.w.org\/{rel}","templated":true}]}}