{"id":144,"date":"2024-11-08T20:57:45","date_gmt":"2024-11-08T19:57:45","guid":{"rendered":"https:\/\/electropiedra.com\/?post_type=product&#038;p=144"},"modified":"2024-11-22T13:29:49","modified_gmt":"2024-11-22T12:29:49","slug":"enchufe-wifi-inteligente","status":"publish","type":"product","link":"https:\/\/electropiedra.com\/?product=enchufe-wifi-inteligente","title":{"rendered":"Enchufe Wifi Inteligente 16A"},"content":{"rendered":"<div class=\"ai-description\">\n<div class=\"origin-part box-sizing\">\n<div class=\"ai-description\">\n<div class=\"origin-part box-sizing\">\n<p align=\"start\"><strong data-spm-anchor-id=\"a2g0o.detail.1000023.i1.be79kCabkCabab\">\u2022 Conectividad Wi-Fi: <\/strong>Se conecta a la red Wi-Fi de su hogar, lo que le permite controlar sus dispositivos de forma remota.<\/p>\n<p align=\"start\"><strong>\u2022 Compatibilidad de control de voz: <\/strong>Compatible con Alexa y Google Assistant, lo que le permite controlar sus dispositivos con su voz.<\/p>\n<p align=\"start\"><strong>\u2022Monitoreo de potencia: <\/strong>No Supervisa su consumo de energ\u00eda y le env\u00eda alertas cuando sus dispositivos consumen demasiada energ\u00eda.<\/p>\n<p align=\"start\"><strong>\u2022 Funci\u00f3n de temporizaci\u00f3n: <\/strong>Se puede configurar para encender\/apagar sus dispositivos en momentos espec\u00edficos, lo que facilita el ahorro de energ\u00eda.<\/p>\n<\/div>\n<\/div>\n<div align=\"start\">\n<p><strong>Descripci\u00f3n:<\/strong><\/p>\n<p align=\"start\">1. control remoto mediante la conexi\u00f3n a un router WiFi<\/p>\n<p align=\"start\">2. El material de Shell adopta el material ign\u00edfugo de la c\u00e1scara de ABS + PC<\/p>\n<p align=\"start\">3. La red adopta WPA\/WPA grado<\/p>\n<p align=\"start\">4. No requiere Gateway<\/p>\n<p align=\"start\">5. Soporte Alexa control de voz<\/p>\n<p align=\"start\">6. Control compartido<\/p>\n<div><\/div>\n<\/div>\n<div align=\"start\"><\/div>\n<p align=\"start\" data-spm-anchor-id=\"a2g0o.detail.1000023.i0.be79kCabkCabab\">\n<\/div>\n<\/div>\n","protected":false},"excerpt":{"rendered":"<p>Proporcionamos soporte t\u00e9cnico y asesoramiento sobre la instalaci\u00f3n gratuita.<\/p>\n","protected":false},"featured_media":236,"comment_status":"open","ping_status":"closed","template":"","meta":[],"product_brand":[],"product_cat":[22],"product_tag":[],"class_list":{"0":"post-144","1":"product","2":"type-product","3":"status-publish","4":"has-post-thumbnail","6":"product_cat-domotica","7":"product_shipping_class-menos-de-0-5-kg","9":"first","10":"instock","11":"sale","12":"featured","13":"taxable","14":"shipping-taxable","15":"purchasable","16":"product-type-simple"},"aioseo_notices":[],"_links":{"self":[{"href":"https:\/\/electropiedra.com\/index.php?rest_route=\/wp\/v2\/product\/144","targetHints":{"allow":["GET"]}}],"collection":[{"href":"https:\/\/electropiedra.com\/index.php?rest_route=\/wp\/v2\/product"}],"about":[{"href":"https:\/\/electropiedra.com\/index.php?rest_route=\/wp\/v2\/types\/product"}],"replies":[{"embeddable":true,"href":"https:\/\/electropiedra.com\/index.php?rest_route=%2Fwp%2Fv2%2Fcomments&post=144"}],"wp:featuredmedia":[{"embeddable":true,"href":"https:\/\/electropiedra.com\/index.php?rest_route=\/wp\/v2\/media\/236"}],"wp:attachment":[{"href":"https:\/\/electropiedra.com\/index.php?rest_route=%2Fwp%2Fv2%2Fmedia&parent=144"}],"wp:term":[{"taxonomy":"product_brand","embeddable":true,"href":"https:\/\/electropiedra.com\/index.php?rest_route=%2Fwp%2Fv2%2Fproduct_brand&post=144"},{"taxonomy":"product_cat","embeddable":true,"href":"https:\/\/electropiedra.com\/index.php?rest_route=%2Fwp%2Fv2%2Fproduct_cat&post=144"},{"taxonomy":"product_tag","embeddable":true,"href":"https:\/\/electropiedra.com\/index.php?rest_route=%2Fwp%2Fv2%2Fproduct_tag&post=144"}],"curies":[{"name":"wp","href":"https:\/\/api.w.org\/{rel}","templated":true}]}}