{"id":229,"date":"2024-11-11T12:55:59","date_gmt":"2024-11-11T11:55:59","guid":{"rendered":"https:\/\/electropiedra.com\/?post_type=product&#038;p=229"},"modified":"2024-11-22T13:29:40","modified_gmt":"2024-11-22T12:29:40","slug":"interruptor-de-luz-inteligente-wifi","status":"publish","type":"product","link":"https:\/\/electropiedra.com\/?product=interruptor-de-luz-inteligente-wifi","title":{"rendered":"Interruptor de luz inteligente Wifi"},"content":{"rendered":"<div class=\"ai-description\">\n<div class=\"origin-part box-sizing\">\n<p align=\"start\"><strong>\u2022 Control inteligente :<\/strong><span data-spm-anchor-id=\"a2g0o.detail.1000023.i1.3cc0Jr2CJr2COz\">Con Tuya WiFi smart light switch, controlar las luces de su hogar es f\u00e1cil y conveniente. Simplemente habla con Alexa o Google para realizar operaciones de apertura y cierre.<\/span><\/p>\n<p align=\"start\"><strong>\u2022 Versatilidad de uso :<\/strong>Este interruptor de luz es vers\u00e1til y se puede usar en una variedad de entornos, incluyendo paredes, debido a su dise\u00f1o sin cable neutro. Ideal para aquellos que buscan una soluci\u00f3n de control de luz sin complicaciones.<\/p>\n<p align=\"start\"><strong>\u2022 Certificado RoHS :<\/strong>Este producto cuenta con la certificaci\u00f3n RoHS, lo que garantiza su cumplimiento con los est\u00e1ndares de seguridad y calidad m\u00e1s altos.<\/p>\n<p align=\"start\"><strong>\u2022 Sin cable neutro :<\/strong>El dise\u00f1o sin cable neutro de este interruptor de luz hace que sea f\u00e1cil y r\u00e1pido de instalar, ahorr\u00e1ndole tiempo y esfuerzo.<\/p>\n<p align=\"start\"><strong>\u2022 Control por voz :<\/strong>Con la funcionalidad de control por voz, este interruptor de luz inteligente le permite manipular sus luces con una sola voz, brindando comodidad y eficiencia.<\/p>\n<\/div>\n<\/div>\n<p class=\"detail-desc-decorate-title\" align=\"start\">Especificaci\u00f3n<\/p>\n<p class=\"detail-desc-decorate-content\" align=\"start\">Color: Blanco\/Negro<br \/>\nMaterial: PC + panel de vidrio templado<br \/>\nVoltaje: 100-250V 50\/60Hz<br \/>\nCorriente: 10A<br \/>\nCarga nominal: 5-150W\/Gang<br \/>\nConsumo de energ\u00eda: \u2264 0,5 W<br \/>\nTemperatura de trabajo: 0 \u2103 ~ 40 \u2103<br \/>\nRF: 433MHz<br \/>\nC\u00f3digo est\u00e1ndar RF: 1527<br \/>\nEst\u00e1ndar de WIFI: IEEE 802.11bgn 2,4 Ghz<br \/>\nSistema de soporte: por encima de iOS 8,0 o Android 4,3<br \/>\nRequisito Hub: No<br \/>\nSeguridad de red: WPA\/WPA2\u201d<br \/>\nModo de control: APP\/RF\/Manual<br \/>\nCertificaci\u00f3n: FCC, CE, RoHS<br \/>\nAplicaci\u00f3n: Tuya smart\/smart life<\/p>\n<p class=\"detail-desc-decorate-title\" align=\"start\">Nota<\/p>\n<p class=\"detail-desc-decorate-content\" align=\"start\" data-spm-anchor-id=\"a2g0o.detail.1000023.i0.3cc0Jr2CJr2COz\">1. Apoyar la mayor\u00eda de las l\u00e1mparas. Sugerimos utilizar sobre la l\u00e1mpara de 5W LED para L1. No admite l\u00e1mparas regulables.<br \/>\n2. El condensador debe estar conectado con L y N de la l\u00e1mpara de L1. No detr\u00e1s del cambio.<br \/>\n3. Este interruptor es de un solo polo, y s\u00f3lo soporta 1 manera de control.<\/p>\n","protected":false},"excerpt":{"rendered":"<p>Proporcionamos soporte t\u00e9cnico y asesoramiento sobre la instalaci\u00f3n gratuita.<\/p>\n","protected":false},"featured_media":230,"comment_status":"open","ping_status":"closed","template":"","meta":[],"product_brand":[],"product_cat":[22],"product_tag":[],"class_list":{"0":"post-229","1":"product","2":"type-product","3":"status-publish","4":"has-post-thumbnail","6":"product_cat-domotica","7":"product_shipping_class-menos-de-0-5-kg","9":"first","10":"instock","11":"sale","12":"featured","13":"taxable","14":"shipping-taxable","15":"purchasable","16":"product-type-simple"},"aioseo_notices":[],"_links":{"self":[{"href":"https:\/\/electropiedra.com\/index.php?rest_route=\/wp\/v2\/product\/229","targetHints":{"allow":["GET"]}}],"collection":[{"href":"https:\/\/electropiedra.com\/index.php?rest_route=\/wp\/v2\/product"}],"about":[{"href":"https:\/\/electropiedra.com\/index.php?rest_route=\/wp\/v2\/types\/product"}],"replies":[{"embeddable":true,"href":"https:\/\/electropiedra.com\/index.php?rest_route=%2Fwp%2Fv2%2Fcomments&post=229"}],"wp:featuredmedia":[{"embeddable":true,"href":"https:\/\/electropiedra.com\/index.php?rest_route=\/wp\/v2\/media\/230"}],"wp:attachment":[{"href":"https:\/\/electropiedra.com\/index.php?rest_route=%2Fwp%2Fv2%2Fmedia&parent=229"}],"wp:term":[{"taxonomy":"product_brand","embeddable":true,"href":"https:\/\/electropiedra.com\/index.php?rest_route=%2Fwp%2Fv2%2Fproduct_brand&post=229"},{"taxonomy":"product_cat","embeddable":true,"href":"https:\/\/electropiedra.com\/index.php?rest_route=%2Fwp%2Fv2%2Fproduct_cat&post=229"},{"taxonomy":"product_tag","embeddable":true,"href":"https:\/\/electropiedra.com\/index.php?rest_route=%2Fwp%2Fv2%2Fproduct_tag&post=229"}],"curies":[{"name":"wp","href":"https:\/\/api.w.org\/{rel}","templated":true}]}}