{"id":659,"date":"2024-11-22T14:51:47","date_gmt":"2024-11-22T13:51:47","guid":{"rendered":"https:\/\/electropiedra.com\/?post_type=product&#038;p=659"},"modified":"2024-12-08T12:11:41","modified_gmt":"2024-12-08T11:11:41","slug":"motor-persiana-wifi-amt35-eje-40-mm","status":"publish","type":"product","link":"https:\/\/electropiedra.com\/?product=motor-persiana-wifi-amt35-eje-40-mm","title":{"rendered":"Motor persiana Wifi AMT35 &#8211; Eje 40 MM"},"content":{"rendered":"<h2>Descripci\u00f3n del Producto<\/h2>\n<p>El motor persiana WIFI AMT35 est\u00e1 dise\u00f1ado para proporcionar una soluci\u00f3n eficiente y moderna para el control de persianas. Con un eje de 40 mm, este motor combina potencia y versatilidad, garantizando un funcionamiento suave en cualquier tipo de persiana.<\/p>\n<h2>Conectividad y Control<\/h2>\n<p>La tecnolog\u00eda WIFI incorporada permite el control remoto de las persianas desde cualquier lugar a trav\u00e9s de una aplicaci\u00f3n m\u00f3vil. Esto significa que puedes abrir o cerrar tus persianas con solo un toque, mejorando la comodidad y la seguridad en tu hogar.<\/p>\n<h2>Instalaci\u00f3n Econ\u00f3mica<\/h2>\n<p>La instalaci\u00f3n del motor persiana WIFI AMT35 es f\u00e1cil y r\u00e1pida. Con un dise\u00f1o pensado para adaptarse a diferentes tipos de persianas, podr\u00e1s disfrutar de sus beneficios en poco tiempo, optimizando as\u00ed la luz natural en tu espacio.<\/p>\n","protected":false},"excerpt":{"rendered":"<p>[wpforms id=\"104\"]Se trata de una kit en\u00a0<b>promoci\u00f3n\u00a0<\/b>de\u00a0<a href=\"https:\/\/www.motorespersianas.com\/motores-de-persianas-con-cable\/motor-persiana-amt35-eje-40-mm\" target=\"_blank\" rel=\"noreferrer noopener\">motor persiana 40 mm<\/a><b>\u00a0<\/b>MATISMO AMT35 es un motor cableado\u00a0 dise\u00f1ado para usarse en ejes octogonales de 40 mm, este tipo de eje, cada vez m\u00e1s demandado debido a que se utiliza principalmente en cajones compactos o tambi\u00e9n conocido como prefabricados.<\/p>\n<p>A eso se le suma el\u00a0<a href=\"https:\/\/www.motorespersianas.com\/pulsadores-e-interruptores\/interruptor-persiana-wifi\" target=\"_blank\" rel=\"noreferrer noopener\">interruptor persiana wifi<\/a>, que permite controlarse tanto desde el bonito panel t\u00e1ctil, c\u00f3mo a trav\u00e9s de la\u00a0<b>aplicaci\u00f3n Smart Life o Tuya<\/b>, as\u00ed como\u00a0<b>Alexa\u00a0<\/b>o\u00a0<b>Google Home<\/b>.<\/p>\n<p>Es ideal para aquellas personas que tienen miedo de perder el mando a distancia, que los ni\u00f1os lo rompan, pero a su vez quieren poder controlar este desde cualquier sitio con conexi\u00f3n a internet.<\/p>\n<p>La instalaci\u00f3n del interruptor se podr\u00e1 realizar en un cajet\u00edn europeo o si no se quiere empotrar, se puede poner en una\u00a0<a href=\"https:\/\/www.motorespersianas.com\/pulsadores-e-interruptores\/caja-de-superficie\">caja de superficie\u00a0<\/a>que tambi\u00e9n puedes encontrar en nuestra tienda online.<\/p>\n<p>La conexi\u00f3n a internet de tu vivienda se hace a trav\u00e9s de wi-fi y es compatible con el 99,9 % de routers, solo hay que tener en cuenta que tu router tenga una red de 2,4 GHz, que suele ser la mayor\u00eda.<\/p>\n","protected":false},"featured_media":660,"comment_status":"open","ping_status":"closed","template":"","meta":[],"product_brand":[],"product_cat":[43],"product_tag":[],"class_list":{"0":"post-659","1":"product","2":"type-product","3":"status-publish","4":"has-post-thumbnail","6":"product_cat-motorizar-persianas","7":"product_shipping_class-mas-de-0-5-kg","9":"first","10":"instock","11":"sale","12":"taxable","13":"shipping-taxable","14":"purchasable","15":"product-type-simple"},"aioseo_notices":[],"_links":{"self":[{"href":"https:\/\/electropiedra.com\/index.php?rest_route=\/wp\/v2\/product\/659","targetHints":{"allow":["GET"]}}],"collection":[{"href":"https:\/\/electropiedra.com\/index.php?rest_route=\/wp\/v2\/product"}],"about":[{"href":"https:\/\/electropiedra.com\/index.php?rest_route=\/wp\/v2\/types\/product"}],"replies":[{"embeddable":true,"href":"https:\/\/electropiedra.com\/index.php?rest_route=%2Fwp%2Fv2%2Fcomments&post=659"}],"wp:featuredmedia":[{"embeddable":true,"href":"https:\/\/electropiedra.com\/index.php?rest_route=\/wp\/v2\/media\/660"}],"wp:attachment":[{"href":"https:\/\/electropiedra.com\/index.php?rest_route=%2Fwp%2Fv2%2Fmedia&parent=659"}],"wp:term":[{"taxonomy":"product_brand","embeddable":true,"href":"https:\/\/electropiedra.com\/index.php?rest_route=%2Fwp%2Fv2%2Fproduct_brand&post=659"},{"taxonomy":"product_cat","embeddable":true,"href":"https:\/\/electropiedra.com\/index.php?rest_route=%2Fwp%2Fv2%2Fproduct_cat&post=659"},{"taxonomy":"product_tag","embeddable":true,"href":"https:\/\/electropiedra.com\/index.php?rest_route=%2Fwp%2Fv2%2Fproduct_tag&post=659"}],"curies":[{"name":"wp","href":"https:\/\/api.w.org\/{rel}","templated":true}]}}